 derivative of -p**5/20 + p**4/3 + p**3 + 117*p. Give a(c).
5
Let s = -3 + -1. Let r(w) = -w + 1. Let c(q) = -5*q + 1. Let f(k) = s*r(k) + c(k). Suppose 2*v - 5*v - 15 = 0. What is f(v)?
2
Let h = 20 + -20. Let y(k) = h + 4*k**2 - 7*k - 3*k**2 + 3 - 4. Determine y(6).
-7
Let b = -8 - -14. Let t be (6/(-9))/((-1)/b). Suppose -x - t = -1. Let v(a) = a**3 + 4*a**2 + 2. What is v(x)?
11
Let m(l) = -l - 7. Let u(t) = 1. Let p(g) = 2*m(g) + 10*u(g). Let n be p(-4). Let x(s) = -s - 2. Give x(n).
-6
Let d(z) = -2*z**3 + 3*z**2 - 2. Let g(t) = 21*t**2 + t. Let x be g(-1). Suppose x*n + 6 = 23*n. Calculate d(n).
-6
Let o = -63 - -65. Let r(v) = -3*v**2 + 5*v**2 - v**o. Calculate r(-2).
4
Let d(s) be the third derivative of s**4/12 + 17*s**3/6 - s**2. Let t = -182 - -175. Let g be d(t). Let c(p) = p - 2. Determine c(g).
1
Let j(n) = 3*n**2 + 6*n - 17. Let q(l) = -l**2 - 3*l + 8. Let w(v) = -2*j(v) - 5*q(v). What is w(4)?
-10
Let o(r) = r**3 + 14*r**2 - 2*r - 27. Suppose 0 = -4*l - 35 - 21. Determine o(l).
1
Let m = -29 - -29. Let y(f) be the first derivative of 1/3*f**3 + m*f - f**2 + 7. Calculate y(2).
0
Let v = -16 - -26. Suppose v*k - 8 = 6*k. Suppose k*b + 0*b = 10. Let t(m) = -m**2 + 3*m + 3. What is t(b)?
-7
Let z(g) = -111 - 4*g - g**2 + 0*g + 107. Determine z(-3).
-1
Let k(c) = c**2 - c. Let f(r) = r**2 - r - 19. Suppose 8*v + 4 = 4*v. Let u(h) = v*f(h) + 2*k(h). What is u(0)?
19
Let r(u) be the third derivative of u**4/24 - u**3/6 - 21*u**2. Let c(m) = -5*m + 5. Let k(s) = c(s) + 4*r(s). Calculate k(6).
-5
Let a(w) = 20*w**3 - 10*w**3 - w**2 - 3*w**2 - 9*w**3 + 38*w - 36*w. Let y be 1/2*2 + 1. Determine a(y).
-4
Let t(s) = -s**3 + 33*s**2 + 36*s - 64. Let m be t(34). Let v(k) = -k + 3. Calculate v(m).
-1
Let f(y) be the second derivative of -y**6/360 - y**5/120 + 5*y**4/24 + y**3/2 + 8*y. Let t(a) be the second derivative of f(a). What is t(-4)?
-7
Let h = 261 - 258. Let y(s) = s**3 - s**2 - 5*s + 1. Calculate y(h).
4
Let y(q) = 5*q + 4. Let w(v) = -9*v - 9. Let k(c) = -6*w(c) - 11*y(c). Let d = -379 - -386. Calculate k(d).
3
Let l(h) = 8*h - 56. Let v(p) = -6*p + 41. Let c(o) = 8*l(o) + 11*v(o). Let m be (-2)/(8/(-6))*-2. Calculate c(m).
9
Let y(t) be the third derivative of t**5/60 - 7*t**4/24 + 7*t**3/6 + 63*t**2. Calculate y(7).
7
Let f(v) = v**3 - 3*v**2 - 5*v + 2. Let l be (-2)/(-1) - -6*8/24. Determine f(l).
-2
Suppose 3*f = t + 4*t + 11, -10 = t + 2*f. Let w = -9 - t. Let p(u) = u + 3. Let m(h) = -2. Let g(r) = 2*m(r) + 3*p(r). Give g(w).
-10
Let d(u) = -u**2 + 10*u - 17. Suppose -13*l + 12*l + 20 = 3*x, -l - 4*x = -25. Determine d(l).
8
Let m(i) = -i + 10. Let n(j) be the third derivative of 0*j + 0 - 4/3*j**3 - 1/24*j**4 - 5*j**2. Let p be n(-8). What is m(p)?
10
Suppose 2*a + 8 = -2*a. Let f(x) = -5*x**3 - 5*x**2 + 2*x - 1. Let i(c) = 6*c**3 + 6*c**2 - 3*c + 1. Let l(k) = -4*f(k) - 3*i(k). Determine l(a).
-9
Let z(p) = 11*p**3 + 5*p**2 + 4*p + 2. Let l be z(-1). Let a(r) = r**2 + 9*r + 8. Determine a(l).
0
Suppose 3*s - 7 = -0*s + 4*q, -19 = 5*s + q. Suppose 103*i = 101*i + 14. Let r(c) = 2 - 5*c + 2*c**2 - i*c - c**2 + 17*c. Determine r(s).
-4
Let r(x) = -x**3 - 13*x**2 + 16*x + 16. Let p = -1695 + 1681. Determine r(p).
-12
Let n(d) = -2*d. Let r be 0 + (1 - 2) - 15. Let t = r + 28. Let j = 13 - t. Give n(j).
-2
Let a(l) = -l - 4. Suppose -13*u + 27 = 1. Determine a(u).
-6
Suppose 10*p = 80 - 20. Let u(x) = -x + 10. Let c be u(6). Let i(s) = -c - 1 - 5*s + s**2 + 2. Determine i(p).
3
Let v = 96 - 133. Let f = -34 - v. Let x(p) = 2*p**2 - 4. What is x(f)?
14
Let q(p) = 2*p - 1. Let x(c) = 2*c**2 - 4*c + 5. Let n(r) = -3*q(r) - x(r). Let u(h) = 4*h**2 + 3*h + 5. Let g(m) = 5*n(m) + 2*u(m). Give g(-3).
-6
Let v = -39 + 40. Let x(m) = -2*m - 9*m + 12*m - m**3 - v. Give x(2).
-7
Let r = -9 + 10. Let d(h) = 592*h**2 - 1 + 2*h + h - 589*h**2 - 2*h. What is d(r)?
3
Let g be (3/(-2))/((-9)/(-24)). Let a(u) = u + 1. Let y(w) = -5*w + 5. Let q(b) = g*a(b) - y(b). Let j be ((-21)/18)/((-154)/66)*16/1. Determine q(j).
-1
Let x(h) be the first derivative of 7*h**3/3 - h**2 - h - 35. Determine x(-1).
8
Let t(s) = 1 - 3*s + 113*s**2 - 219*s**2 + 109*s**2. Calculate t(0).
1
Let r(q) = -54*q + 167. Let n be r(3). Let x(s) = -s**2 + 6*s + 7. Calculate x(n).
12
Let y(i) = i**3 - 4*i**2 + 3*i. Let k be y(1). Let s(z) = -z**2 + 3*z + 4. Give s(k).
4
Suppose -43*i - 115 = -588. Let j(c) = -c**2 + 13*c - 10. What is j(i)?
12
Let i(q) = 5*q**3 + q**2 + q - 1. Let d(b) = 2*b**2 + 1. Let n be d(-1). Suppose 0 = n*t - 5*t + 26. Let c = t - 12. Give i(c).
6
Suppose 5*p + 68 = -2*k, 3*p - 10*k + 28 = -8*k. Let n(c) = -c**3 - 13*c**2 - 14*c - 1. Give n(p).
23
Let n(s) be the third derivative of 13*s**4/24 + s**3/6 - 105*s**2. Calculate n(-1).
-12
Let m(s) be the first derivative of s**3 - s**2 - s + 3. Let v(o) = -2*o. Let w be v(-4). Let j be 4/(w/(-2)) + 0. Calculate m(j).
4
Let f(l) = 3*l**2 + 2*l**3 + 11*l**2 + 4*l - 4*l**3 + 3*l**3 + 1 - 10*l**2. What is f(-3)?
-2
Let i = 3 - -3. Let g = 10 - i. Let l(a) = 2 - 7*a - g + 0 - 5 + a**2. Give l(7).
-7
Let n(b) = -6*b**2 - 2*b - 1. Suppose 0 = -c + 2*m + 1, -9 + 5 = -4*c + 4*m. Suppose -2*r = -3*d - 3*r + c, -2*r + 5 = 3*d. Give n(d).
-5
Let q(b) = -6*b - 1. Let w be q(-5). Let s = w - 28. Let n(z) = 9*z**3 - 2*z**2 + 1. Determine n(s).
8
Let p = -369 - -345. Let j = 33 - 14. Let k = j + p. Let t(l) = 2*l + 7. Determine t(k).
-3
Suppose 5*b + 28 = 2*b + 2*r, -5*b - 55 = 5*r. Let u(f) = -5 - 2683*f + 5371*f - 2689*f. What is u(b)?
5
Suppose -327 = -5*l - 2*w, -l - 5*w + 70 = -0*w. Let k(n) = 73 - n**2 + l - 137 + n. What is k(0)?
1
Let m(r) = -r**2 + 4*r - 7. Suppose -62*d - 460 = -67*d. Let w = d - 87. What is m(w)?
-12
Let z(c) = c**3 - c**2 + 3*c - 3. Let k(l) = -l**2 - 31*l - 217. Let j be k(-20). What is z(j)?
24
Let m(b) = 2*b + 4. Suppose -2*j - 2*s + 22 = 0, -5*s + 15 = 3*j - 8. Suppose 42*r + j = 46*r. Determine m(r).
12
Let b(a) be the second derivative of a**4/12 - 5*a**3/3 + 8*a**2 - 4*a - 3. Give b(5).
-9
Suppose -1 - 3 = z. Let w(y) = y**3 + 3*y**2 - 8*y - 6. Determine w(z).
10
Let w(s) = s - 1. Suppose 0 = -5*n + 25 + 5. Let v be (0 - n)*(-6)/9. Determine w(v).
3
Let a(v) = 17*v**2 + 1. Suppose -4*t = 2*i - 0*t + 2, 4 = -i - 5*t. What is a(i)?
18
Let n(t) = -t + 1 + 4 - t - 3. Calculate n(6).
-10
Let r(b) = b**3 - 1199 + 2*b + 1198 + 3*b**3. What is r(1)?
5
Let h = 293 - 296. Let b(k) = -k**3 - 5*k**2 - 3*k - 2. Give b(h).
-11
Let l be 3 - 4*(-1)/(-4). Suppose 4*h + l = 22. Let o(w) = 6 - 3*w + 0*w + 2*w. Give o(h).
1
Let c(f) be the first derivative of 2*f**3/3 + 5*f**2/2 - 6*f - 114. Let k be (-1 + 2)*(2 - 7). Determine c(k).
19
Let b(g) = -4*g + 2. Let r be b(-13). Let v = r - 50. Let q(f) = 8 + 0*f + 2*f - 11. Calculate q(v).
5
Let s(k) = -k**3 + 5*k**2 + 7*k + 5. Suppose -27*v = -24*v + 9. Let t = 3 - v. What is s(t)?
11
Let i(g) = 3*g**2 + 21*g - 4. Let w(m) = 2*m**2 + 11*m - 1. Let p(a) = -3*i(a) + 5*w(a). Calculate p(7).
0
Let s(d) = -2*d + d - 3*d + 3 + 4*d**2 - d**3. Suppose -6 = -2*q + 5*c, 0 = 2*q - 0*c + c - 6. Let r be 3*20/12 - q. Give s(r).
3
Let s(l) = -l**2 - 2*l + 4. Suppose 0*g + 2*g - 3*o - 23 = 0, 110 = 5*g + 3*o. Let h = 14 - g. What is s(h)?
-11
Let b be (6/(-5))/(24/60). Let p(o) = -2*o**2 - 2*o - 2. Give p(b).
-14
Let g(b) = -13*b**2 - 39*b + 8. Let m(y) = 7*y**2 + 20*y - 4. Let z(t) = 6*g(t) + 11*m(t). What is z(-13)?
17
Let p(n) = -3*n - 6. Suppose -4*c - 2*g = 26, c + 16 + 4 = -5*g. Let y be 3 - (-1 - -3 - -1). Let f = c + y. Calculate p(f).
9
Suppose -p = v + 9, -10*v + 12*v = 2*p - 2. Let f(s) = s**2 + 7*s + 6. Calculate f(p).
-6
Suppose 55*t = 41*t - 126. Let h(d) = d**3 + 9*d**2 + d + 8. Calculate h(t).
-1
Let u(k) = 61*k**2 + 10*k - 4*k - 60*k**2. Calculate u(-4).
-8
Let p(v) = -v - 16. Let d(b) = -3. Let h(q) = 30*d(q) - 5*p(q). What is h(4)?
10
Let f(x) be the second derivative of -2*x**4/3 + 3*x - 15. What is f(-1)?
-8
Suppose 0 = 3*v + 5*j + 180, -3*j = -4*v - 232 - 8. Let l = 59 + v. Let f(d) = 6*d**2 + 2*d + 1. What is f(l)?
5
Let i(z) = -z**3 + 6*z**2 + 13*z + 24. Let p be i(8). Let j(w) be the second derivative of 1/20*w**5 - 2*w**2 + 0*w**3 + 5*w + 1/12*w**4 + p. Determine j(0).
-4
Let q(t) be the second derivative of -1/8*t**4 + 5*t + 0 + 2/3*t**3 + 0*